 -68 + 142. Let d = r - s. What is the remainder when d is divided by 16?
14
Suppose 0 = -5*c + l + 24, -3*l = 4*c + 2 - 6. Let p(g) = -g**3 - 15*g**2 + 7. What is the remainder when p(-15) is divided by c?
3
Suppose -4*n + 3*y + 28 = 0, -5*y - 28 = 5*n - 7*n. Let t = 13 - 11. Suppose 0 = -2*i - t*i + n. Calculate the remainder when i is divided by 1.
0
Let p be (-2)/(-7) + 75/7. Let m be 2 + (-2)/2 + -9. Let y = p + m. What is the remainder when 5 is divided by y?
2
Suppose 4*c = 9*c - 40. Let k(p) = -p**2 + 8*p + 5. Let w be k(c). Suppose -35 = -4*t + w. Calculate the remainder when 18 is divided by t.
8
Suppose -2*k - 60 = -6*k. What is the remainder when k is divided by 5?
0
Let j be (0 + -2)/(1/2). Let o(g) = 11*g - 6. Calculate the remainder when o(4) is divided by j/8*(-42 - -2).
18
Suppose 3*d - 5*l = -2*d + 60, 3*d = -l + 24. Let y = -3 + 6. Calculate the remainder when d is divided by y.
0
Let x = 181 - 164. Calculate the remainder when 134 is divided by x.
15
Suppose 0 = 3*s + 4*c - 222, 4*c + 159 = 2*s + 31. Suppose 7*g = 2*g + s. Let p(f) = -f**3 + 4*f**2 + f + 4. What is the remainder when g is divided by p(4)?
6
Let f = 97 + -44. Let l(m) = 1 - m**3 - 2 - 2*m**2 - 3*m**3 - 2*m. Calculate the remainder when f is divided by l(-2).
26
Let r be (-48)/(-10) + 11/55. Suppose -9 = -5*w + 3*t, -2*w + t - r = -3*w. Calculate the remainder when 5 is divided by w.
2
Let h = -159 - -162. Let a = 18 + -10. What is the remainder when a is divided by h?
2
Let h(y) = -8*y + 7. Let x(c) = c**3 - 5*c**2 - 6*c - 6. Let j be x(6). Suppose -3*l + 2*l + 19 = 0. What is the remainder when h(j) is divided by l?
17
Let u = 3 + 9. What is the remainder when u/66 - (-108)/11 is divided by 3?
1
Suppose 2*v - 39 = h + 22, -35 = -v - h. What is the remainder when v is divided by (-4)/(1 - 9)*22?
10
Suppose 3*n - 51 = -3*h, 0*h - 46 = -2*h + n. What is the remainder when 61 is divided by h?
19
Suppose r = -5*r + 126. Calculate the remainder when r is divided by 5.
1
Suppose -48 = 5*g - 188. Let v(a) = a - 2. Let j be v(6). Calculate the remainder when g is divided by ((-10)/j)/(3/(-18)).
13
What is the remainder when (3/(-9))/((-1)/9) is divided by 2?
1
Suppose 7*s - 3*s = 2*d - 20, s - 2 = 0. Let v = 37 + 3. Calculate the remainder when v is divided by d.
12
Let c = 58 + -19. Calculate the remainder when 114 is divided by c.
36
What is the remainder when (1162/(-21))/(6/(-9)) - 3 is divided by 9?
8
Suppose -2*r - 32 = -5*h, 2*r + 4*h = h. Let u(d) = d**3 + 7*d**2 + 4*d + 3. Calculate the remainder when 42 is divided by u(r).
12
Let p = 198 + -119. What is the remainder when p is divided by 5?
4
Let n = -14 - -76. Let q be (-3 - -4) + 0 + 32. Let u = n - q. What is the remainder when u is divided by 10?
9
Let h be (-1)/(-1)*15 - 0. Suppose -4*j = -y - h, 4*j + 3*y - 19 = -0*j. Suppose j*s - 54 = -z, 3*s - s - z = 24. What is the remainder when 25 is divided by s?
12
Let z = -41 - -51. What is the remainder when 37 is divided by z?
7
Let l be ((-15)/(-2))/((-9)/(-24)). Let j = l + -10. Calculate the remainder when j is divided by 3.
1
Let g(z) = 4*z**2 - z + 2. Let x(c) = c**3 + 6*c**2 - 4*c - 6. Let o be x(-6). Let k = 29 - o. What is the remainder when g(-2) is divided by k?
9
Calculate the remainder when (66/4)/((-2)/(-12)) is divided by 17.
14
Let u = 346 - 328. Let o = 147 - 319. Let y = -120 - o. Calculate the remainder when y is divided by u.
16
Suppose 4*j - 37 = -5*l, -5*l - 14 = 3*j - 48. Let q be (j - (0 + 2))/(-1). Let z = 20 - q. Calculate the remainder when 39 is divided by z.
18
Let k(h) = h**2 + h. Let q(g) = -2*g - 1. Let b(x) = x - 7. Let a be b(6). Calculate the remainder when k(-2) is divided by q(a).
0
Suppose -5*o = 25, 0 = -5*n + 4*o - 0*o + 120. Suppose 0 = -5*p - 96 + 386. What is the remainder when p is divided by n?
18
Suppose -f - 2*f = -51. Let h = 41 + 8. What is the remainder when h is divided by f?
15
Suppose 0*k = -3*v + k + 53, -4*k = -16. Let y = 69 - 33. Suppose 0 = d - 3*t - 39, -4*d - 2*t = -178 + y. Calculate the remainder when d is divided by v.
17
Suppose -l + 116 - 37 = 0. Calculate the remainder when l is divided by 20.
19
Suppose -4*r + 2*y = -2*y - 28, 0 = -r + 2*y + 8. Calculate the remainder when 12 is divided by r.
0
Suppose -4*x + 5*h + 2 = 0, 5*h - 9 = -x + 4. Calculate the remainder when 9 is divided by x.
0
Let g(v) = 4*v + 1. Let x be g(7). Let k = x - 44. Calculate the remainder when 546/10 - 6/k is divided by 19.
17
Let b(a) = a + 15. Calculate the remainder when 32 is divided by b(3).
14
Let l = 1 + 16. Calculate the remainder when 44 is divided by l.
10
Let g = 214 + -428. Calculate the remainder when 4/(-14) + g/(-14) is divided by (-6)/4 - 95/(-10).
7
Suppose 2*c - 4*y + 12 = 0, 3*c - 2*y + 3 = -15. Let v = c - -23. What is the remainder when 50 is divided by v?
16
Suppose 0 = 4*q - 2*p - 90, -5*q + 4*p = -4*q - 40. Calculate the remainder when 98 is divided by q.
18
Let r(v) = 2*v**2 + 5*v - 10. Calculate the remainder when 27 is divided by r(-5).
12
Let q = 8 - -1. Let x = 26 - -14. Let b = x - 14. What is the remainder when b is divided by q?
8
What is the remainder when -61*(1 - 8/4) is divided by 8?
5
Let y be (1 - -9)/(2/(-7)). Let h = y + 60. What is the remainder when 73 is divided by h?
23
Let y(q) = q**2 + q - 10. Let l be y(0). Let z = -3 - l. What is the remainder when 12 is divided by z?
5
What is the remainder when 54 is divided by 5*((-87)/(-15) + -3)?
12
What is the remainder when 31 is divided by (-11 + 5)/(-6)*6?
1
Let f = 79 + 89. Calculate the remainder when f is divided by 10.
8
Suppose 0*n = -n + 4. Let s(d) = d**3 + 4*d**2 - 7*d. Let c be s(-5). What is the remainder when 2/4*(c + n) is divided by 4?
3
Suppose -a - 6 = -13. What is the remainder when a is divided by 2?
1
Let d be (-38)/(-14) - (-4)/14. Let h be ((-62)/(-6) - 2)*d. Suppose 0*i = -5*o - 5*i + 25, -i = -4*o + h. Calculate the remainder when 10 is divided by o.
4
Let x(v) = v**3 - 3*v**2 + 4. Let d be x(3). Suppose -5*h = 5*u + 5, 0*u - 16 = d*u. What is the remainder when h is divided by 3?
0
Let f(p) = -p**2 - 3 + p - p**2 + p + p**2. Let z be f(3). Calculate the remainder when 3 is divided by 4/z - (-16)/6.
1
Let o = -29 - -57. What is the remainder when 81 is divided by o?
25
Let h(p) = p + 4. What is the remainder when 8 is divided by h(3)?
1
Let a be (1 - -2)/(9/(-6)). Let k be 0/(-3) - a - 2. Let l = k - -1. Calculate the remainder when 1 is divided by l.
0
Let m = 49 + -26. Calculate the remainder when m is divided by 13.
10
Let y = -27 - -61. What is the remainder when y is divided by 5?
4
Let f(i) = -i + 9. Let l be f(-5). Let w = l - 7. Calculate the remainder when 13 is divided by w.
6
Let g be (-1 + (-15)/(-3))/2. What is the remainder when g/10 - (-208)/10 is divided by 12?
9
Let q(l) be the first derivative of -70*l**2 + 2*l - 1. Let g be q(-2). Calculate the remainder when g/5 + 4/(-10) is divided by 19.
18
Suppose 0 = -2*m + 13 + 9. What is the remainder when 10/(-25) - (414/(-10) - 0) is divided by m?
8
Let d = -20 + 34. Let b = 35 + d. Calculate the remainder when b is divided by 17.
15
Suppose g - 2*g = 0. Suppose k - 6 = -g*k. What is the remainder when 17 is divided by k*((-3)/6 + 2)?
8
Let k = -3 + 12. Let v(g) = -g**3 + 9*g**2 + 7*g - 12. What is the remainder when v(k) is divided by 13?
12
Let b(o) = o**2 - 2*o. Let v be b(-5). Let w be (0 + 4)/(2/1). Suppose -3*z + v = -k, -z + 4*z + w*k = 20. What is the remainder when z is divided by 4?
2
Suppose 60 = -2*j + 7*j - 5*x, j = -2*x + 27. Let l be (3 - 6)/(2/(-6)). What is the remainder when j is divided by 3/l - (-52)/6?
8
Suppose s + u = 2*s, -3*s + 5*u = 0. Suppose s = -3*y - 36 + 117. What is the remainder when y is divided by 6?
3
Let g(s) = s**3 - 6*s**2 - s + 8. Let x be g(6). Calculate the remainder when (3/6)/(x/44) is divided by 4.
3
Suppose 0 = -2*u + 6*u - 124. Calculate the remainder when 122 is divided by u.
29
Suppose 0 = 2*r + c - 32, -5*r + 5*c = -13 - 67. What is the remainder when r is divided by 6?
4
Let n(z) = -4*z + 3. Suppose m = -3*h - 23, -4 = -h + 5*m - 3*m. What is the remainder when n(h) is divided by 7?
6
Let h(m) = 3*m + 3. What is the remainder when 22 is divided by h(2)?
4
Let m(u) = -3 - 3 + 3*u - 43*u. Let